{"id":10,"date":"2023-07-07T22:31:54","date_gmt":"2023-07-07T20:31:54","guid":{"rendered":"https:\/\/www.tact-transfusion.org\/tactv2\/?page_id=10"},"modified":"2025-11-28T15:45:29","modified_gmt":"2025-11-28T14:45:29","slug":"presentations","status":"publish","type":"page","link":"https:\/\/www.tact-transfusion.org\/index.php\/presentations\/","title":{"rendered":"Pr\u00e9sentations"},"content":{"rendered":"\n<ul class=\"wp-block-list\">\n<li class=\"has-black-color has-text-color has-link-color wp-elements-62c4f7097c1cb9de63236dcf70bc5ffc\" style=\"font-size:30px\"><a href=\"https:\/\/www.tact-transfusion.org\/index.php\/presentations\/bordeaux-2025\/\" target=\"_blank\" rel=\"noreferrer noopener\"><mark style=\"background-color:rgba(0, 0, 0, 0)\" class=\"has-inline-color has-vivid-red-color\"><strong>Bordeaux (2025)<\/strong><\/mark><\/a><\/li>\n\n\n\n<li class=\"has-black-color has-text-color has-link-color wp-elements-df43a25672329877b4cf708d40f19223\" style=\"font-size:30px\"><strong><a href=\"https:\/\/www.tact-transfusion.org\/index.php\/presentations\/strasbourg-2025\/\" target=\"_blank\" rel=\"noopener\" title=\"\"><mark style=\"background-color:rgba(0, 0, 0, 0)\" class=\"has-inline-color has-vivid-red-color\">Strasbourg (Mars 2025)<\/mark><\/a><\/strong><\/li>\n\n\n\n<li class=\"has-black-color has-text-color has-link-color wp-elements-eb8282bebf6faf9fc8aa73e23390b67c\" style=\"font-size:30px\"><strong><a href=\"https:\/\/www.tact-transfusion.org\/index.php\/presentations\/saint-denis-siege-2024\/\" target=\"_blank\" rel=\"noopener\" title=\"\"><mark style=\"background-color:rgba(0, 0, 0, 0)\" class=\"has-inline-color has-vivid-red-color\">Saint-Denis Si\u00e8ge (Novembre 202<\/mark><\/a><\/strong><a href=\"https:\/\/www.tact-transfusion.org\/index.php\/presentations\/saint-denis-siege-2024\/\" title=\"\"><strong><mark style=\"background-color:rgba(0, 0, 0, 0)\" class=\"has-inline-color has-vivid-red-color\">4<\/mark><\/strong><mark style=\"background-color:rgba(0, 0, 0, 0)\" class=\"has-inline-color has-vivid-red-color\">)<\/mark><\/a><\/li>\n\n\n\n<li class=\"has-black-color has-text-color has-link-color wp-elements-23ac835387a57419555fc9de6d962a9c\" style=\"font-size:30px\"><strong><a href=\"https:\/\/www.tact-transfusion.org\/index.php\/arles-2024\/\" target=\"_blank\" rel=\"noreferrer noopener\"><mark style=\"background-color:rgba(0, 0, 0, 0)\" class=\"has-inline-color has-vivid-red-color\">Arles (Mars 2024)<\/mark><\/a><\/strong><\/li>\n\n\n\n<li class=\"has-black-color has-text-color has-link-color wp-elements-4bdbb407201f47e31381f838f93411e4\" style=\"font-size:30px\"><strong><a href=\"https:\/\/www.tact-transfusion.org\/index.php\/documents__trashed\/presentations-rennes-2023\/\" data-type=\"URL\"><mark style=\"background-color:rgba(0, 0, 0, 0)\" class=\"has-inline-color has-vivid-red-color\">Rennes (Juin 2023)<\/mark><\/a><\/strong><\/li>\n<\/ul>\n\n\n\n<p class=\"has-black-color has-text-color has-link-color has-medium-font-size wp-elements-a147cafb4544d536618e7d099882a811\">Il est impossible de trouver sur notre site internet les pr\u00e9sentations ant\u00e9rieures \u00e0 celles des rencontres TACT de Rennes 2023.<\/p>\n\n\n\n<p><\/p>\n","protected":false},"excerpt":{"rendered":"<p>Il est impossible de trouver sur notre site internet les pr\u00e9sentations ant\u00e9rieures \u00e0 celles des rencontres TACT de Rennes 2023.<\/p>\n","protected":false},"author":1,"featured_media":0,"parent":0,"menu_order":0,"comment_status":"closed","ping_status":"closed","template":"","meta":{"_monsterinsights_skip_tracking":false,"_monsterinsights_sitenote_active":false,"_monsterinsights_sitenote_note":"","_monsterinsights_sitenote_category":0,"footnotes":""},"categories":[],"tags":[],"class_list":["post-10","page","type-page","status-publish","hentry"],"_links":{"self":[{"href":"https:\/\/www.tact-transfusion.org\/index.php\/wp-json\/wp\/v2\/pages\/10","targetHints":{"allow":["GET"]}}],"collection":[{"href":"https:\/\/www.tact-transfusion.org\/index.php\/wp-json\/wp\/v2\/pages"}],"about":[{"href":"https:\/\/www.tact-transfusion.org\/index.php\/wp-json\/wp\/v2\/types\/page"}],"author":[{"embeddable":true,"href":"https:\/\/www.tact-transfusion.org\/index.php\/wp-json\/wp\/v2\/users\/1"}],"replies":[{"embeddable":true,"href":"https:\/\/www.tact-transfusion.org\/index.php\/wp-json\/wp\/v2\/comments?post=10"}],"version-history":[{"count":32,"href":"https:\/\/www.tact-transfusion.org\/index.php\/wp-json\/wp\/v2\/pages\/10\/revisions"}],"predecessor-version":[{"id":3132,"href":"https:\/\/www.tact-transfusion.org\/index.php\/wp-json\/wp\/v2\/pages\/10\/revisions\/3132"}],"wp:attachment":[{"href":"https:\/\/www.tact-transfusion.org\/index.php\/wp-json\/wp\/v2\/media?parent=10"}],"wp:term":[{"taxonomy":"category","embeddable":true,"href":"https:\/\/www.tact-transfusion.org\/index.php\/wp-json\/wp\/v2\/categories?post=10"},{"taxonomy":"post_tag","embeddable":true,"href":"https:\/\/www.tact-transfusion.org\/index.php\/wp-json\/wp\/v2\/tags?post=10"}],"curies":[{"name":"wp","href":"https:\/\/api.w.org\/{rel}","templated":true}]}}