{"id":15,"date":"2023-07-07T22:31:54","date_gmt":"2023-07-07T20:31:54","guid":{"rendered":"https:\/\/www.tact-transfusion.org\/tactv2\/?page_id=15"},"modified":"2024-11-02T13:58:09","modified_gmt":"2024-11-02T12:58:09","slug":"liens","status":"publish","type":"page","link":"https:\/\/www.tact-transfusion.org\/index.php\/liens\/","title":{"rendered":"Liens"},"content":{"rendered":"\n<div class=\"wp-block-media-text is-stacked-on-mobile\" style=\"grid-template-columns:15% auto\"><figure class=\"wp-block-media-text__media\"><a href=\"https:\/\/dondesang.efs.sante.fr\/\"><img fetchpriority=\"high\" decoding=\"async\" width=\"900\" height=\"900\" src=\"https:\/\/www.tact-transfusion.org\/wp-content\/uploads\/2023\/09\/logo-efs.jpg\" alt=\"\" class=\"wp-image-2296 size-full\" srcset=\"https:\/\/www.tact-transfusion.org\/wp-content\/uploads\/2023\/09\/logo-efs.jpg 900w, https:\/\/www.tact-transfusion.org\/wp-content\/uploads\/2023\/09\/logo-efs-300x300.jpg 300w, https:\/\/www.tact-transfusion.org\/wp-content\/uploads\/2023\/09\/logo-efs-150x150.jpg 150w, https:\/\/www.tact-transfusion.org\/wp-content\/uploads\/2023\/09\/logo-efs-768x768.jpg 768w\" sizes=\"(max-width: 900px) 100vw, 900px\" \/><\/a><\/figure><div class=\"wp-block-media-text__content\">\n<p class=\"has-medium-font-size\"><strong><mark style=\"background-color:rgba(0, 0, 0, 0);color:#49608a\" class=\"has-inline-color\">Etablissement Fran\u00e7ais du Sang<\/mark><\/strong><\/p>\n\n\n\n<p><\/p>\n<\/div><\/div>\n\n\n\n<p><\/p>\n\n\n\n<div class=\"wp-block-media-text is-stacked-on-mobile\" style=\"grid-template-columns:15% auto\"><figure class=\"wp-block-media-text__media\"><a href=\"https:\/\/www.neuropathies-peripheriques.org\/\"><img decoding=\"async\" width=\"321\" height=\"273\" src=\"https:\/\/www.tact-transfusion.org\/wp-content\/uploads\/2023\/09\/Logo-AFNP.png\" alt=\"\" class=\"wp-image-2303 size-full\" srcset=\"https:\/\/www.tact-transfusion.org\/wp-content\/uploads\/2023\/09\/Logo-AFNP.png 321w, https:\/\/www.tact-transfusion.org\/wp-content\/uploads\/2023\/09\/Logo-AFNP-300x255.png 300w\" sizes=\"(max-width: 321px) 100vw, 321px\" \/><\/a><\/figure><div class=\"wp-block-media-text__content\">\n<p class=\"has-medium-font-size\"><strong><mark style=\"background-color:rgba(0, 0, 0, 0);color:#49608a\" class=\"has-inline-color\">AFNP \u2013 Association Fran\u00e7aise contre les Neuropathies P\u00e9riph\u00e9riques<\/mark><\/strong><\/p>\n<\/div><\/div>\n\n\n\n<p><\/p>\n\n\n\n<div class=\"wp-block-media-text is-stacked-on-mobile\" style=\"grid-template-columns:15% auto\"><figure class=\"wp-block-media-text__media\"><img decoding=\"async\" width=\"368\" height=\"264\" src=\"https:\/\/www.tact-transfusion.org\/wp-content\/uploads\/2024\/11\/Capture-decran-2024-11-02-a-13.57.33.png\" alt=\"\" class=\"wp-image-2716 size-full\" srcset=\"https:\/\/www.tact-transfusion.org\/wp-content\/uploads\/2024\/11\/Capture-decran-2024-11-02-a-13.57.33.png 368w, https:\/\/www.tact-transfusion.org\/wp-content\/uploads\/2024\/11\/Capture-decran-2024-11-02-a-13.57.33-300x215.png 300w\" sizes=\"(max-width: 368px) 100vw, 368px\" \/><\/figure><div class=\"wp-block-media-text__content\">\n<p class=\"has-medium-font-size\"><strong><a href=\"https:\/\/cnptlm.fr\" target=\"_blank\" rel=\"noopener\" title=\"\"><mark style=\"background-color:rgba(0, 0, 0, 0);color:#495f8a\" class=\"has-inline-color\">Conseil National Professionnel des Techniciens de Laboratoire M\u00e9dical<\/mark><\/a><\/strong><\/p>\n<\/div><\/div>\n\n\n\n<p><\/p>\n","protected":false},"excerpt":{"rendered":"<p>Etablissement Fran\u00e7ais du Sang AFNP \u2013 Association Fran\u00e7aise contre les Neuropathies P\u00e9riph\u00e9riques Conseil National Professionnel des Techniciens de Laboratoire M\u00e9dical<\/p>\n","protected":false},"author":1,"featured_media":0,"parent":0,"menu_order":0,"comment_status":"closed","ping_status":"closed","template":"","meta":{"_monsterinsights_skip_tracking":false,"_monsterinsights_sitenote_active":false,"_monsterinsights_sitenote_note":"","_monsterinsights_sitenote_category":0,"footnotes":""},"categories":[],"tags":[],"class_list":["post-15","page","type-page","status-publish","hentry"],"_links":{"self":[{"href":"https:\/\/www.tact-transfusion.org\/index.php\/wp-json\/wp\/v2\/pages\/15","targetHints":{"allow":["GET"]}}],"collection":[{"href":"https:\/\/www.tact-transfusion.org\/index.php\/wp-json\/wp\/v2\/pages"}],"about":[{"href":"https:\/\/www.tact-transfusion.org\/index.php\/wp-json\/wp\/v2\/types\/page"}],"author":[{"embeddable":true,"href":"https:\/\/www.tact-transfusion.org\/index.php\/wp-json\/wp\/v2\/users\/1"}],"replies":[{"embeddable":true,"href":"https:\/\/www.tact-transfusion.org\/index.php\/wp-json\/wp\/v2\/comments?post=15"}],"version-history":[{"count":13,"href":"https:\/\/www.tact-transfusion.org\/index.php\/wp-json\/wp\/v2\/pages\/15\/revisions"}],"predecessor-version":[{"id":2717,"href":"https:\/\/www.tact-transfusion.org\/index.php\/wp-json\/wp\/v2\/pages\/15\/revisions\/2717"}],"wp:attachment":[{"href":"https:\/\/www.tact-transfusion.org\/index.php\/wp-json\/wp\/v2\/media?parent=15"}],"wp:term":[{"taxonomy":"category","embeddable":true,"href":"https:\/\/www.tact-transfusion.org\/index.php\/wp-json\/wp\/v2\/categories?post=15"},{"taxonomy":"post_tag","embeddable":true,"href":"https:\/\/www.tact-transfusion.org\/index.php\/wp-json\/wp\/v2\/tags?post=15"}],"curies":[{"name":"wp","href":"https:\/\/api.w.org\/{rel}","templated":true}]}}