{"id":223,"date":"2023-08-25T09:39:36","date_gmt":"2023-08-25T07:39:36","guid":{"rendered":"https:\/\/www.tact-transfusion.org\/tactv2\/?page_id=223"},"modified":"2026-02-02T12:29:42","modified_gmt":"2026-02-02T11:29:42","slug":"historique-tact","status":"publish","type":"page","link":"https:\/\/www.tact-transfusion.org\/index.php\/lassociation-tact\/historique-tact\/","title":{"rendered":"Historique TACT"},"content":{"rendered":"\n<p style=\"font-size:20px\"><mark style=\"background-color:rgba(0, 0, 0, 0)\" class=\"has-inline-color has-black-color\">Depuis 1989, le TACT, association loi 1901, permet \u00e0 ses membres de confronter l\u2019exp\u00e9rience personnelle en provoquant l\u2019\u00e9change de points de vues sur des techniques de travail.<br>Ainsi structur\u00e9, le TACT a pu r\u00e9pondre \u00e0 la demande d\u2019information qui \u00e9manait des diff\u00e9rents sites ayant connaissance de l\u2019association.<br>De m\u00eame, les fournisseurs et fabricants ont sollicit\u00e9 une aide technique pour la validation de certains r\u00e9actifs.<br>TACT a pr\u00e9par\u00e9 des pr\u00e9sentations pour les Journ\u00e9es Educationnelles du Congr\u00e8s de la SFTS :<\/mark><\/p>\n\n\n\n<ul class=\"wp-block-list\">\n<li style=\"font-size:20px\"><mark style=\"background-color:rgba(0, 0, 0, 0)\" class=\"has-inline-color has-black-color\">1992 : Toulouse avec un poster sur une \u00e9tude multicentrique de RAI toutes techniques confondues<\/mark><\/li>\n\n\n\n<li style=\"font-size:20px\"><mark style=\"background-color:rgba(0, 0, 0, 0)\" class=\"has-inline-color has-black-color\">1994 : Angers, pr\u00e9sentation de la d\u00e9marche Qualit\u00e9 appliqu\u00e9e au labo IH et \u00e0 la RAI<\/mark>\n<ul class=\"wp-block-list\">\n<li><mark style=\"background-color:rgba(0, 0, 0, 0)\" class=\"has-inline-color has-black-color\">d\u00e9marche Qualit\u00e9 appliqu\u00e9e \u00e0 la transfusion autologue<\/mark><\/li>\n\n\n\n<li><mark style=\"background-color:rgba(0, 0, 0, 0)\" class=\"has-inline-color has-black-color\">protocole virologie sur l\u2019incubation, la dur\u00e9e et la temp\u00e9rature<\/mark><\/li>\n<\/ul>\n<\/li>\n\n\n\n<li style=\"font-size:20px\"><mark style=\"background-color:rgba(0, 0, 0, 0)\" class=\"has-inline-color has-black-color\">1996 : Grenoble, validation des r\u00e9actifs IH et virologie sur automates anti D r\u00e9siduel<\/mark><\/li>\n\n\n\n<li style=\"font-size:20px\"><mark style=\"background-color:rgba(0, 0, 0, 0)\" class=\"has-inline-color has-black-color\">1998 : Marseille, \u00e9tude multicentrique sur la validation des r\u00e9actifs IHE ; Etat technique de la Transfusion Sanguine en Europe<\/mark><\/li>\n<\/ul>\n\n\n\n<p style=\"font-size:20px\"><mark style=\"background-color:rgba(0, 0, 0, 0)\" class=\"has-inline-color has-black-color\">TACT organise depuis 1990 deux rencontres par an, sur diff\u00e9rents sites, dans toutes les r\u00e9gions repr\u00e9sent\u00e9es.<\/mark><\/p>\n\n\n<div class=\"map_wrapper\" id=\"map_wrapper_3291\">\n<div class=\"map_box\" style=\"max-width:2000px\">\n<div class=\"map_aspect_ratio\" style=\"padding-top:61%\" data-padding-top=\"61%\" data-padding-top-mobile=\"0%\">\n<div class=\"map_container\">\n<div class=\"map_render map_loading\" id=\"map_3291\"><\/div>\n<\/div>\n<\/div>\n<\/div>\n<\/div>\n","protected":false},"excerpt":{"rendered":"<p>Depuis 1989, le TACT, association loi 1901, permet \u00e0 ses membres de confronter l\u2019exp\u00e9rience personnelle en provoquant l\u2019\u00e9change de points de vues sur des techniques de travail.Ainsi structur\u00e9, le TACT a pu r\u00e9pondre \u00e0 la demande d\u2019information qui \u00e9manait des diff\u00e9rents sites ayant connaissance de l\u2019association.De m\u00eame, les fournisseurs et fabricants ont sollicit\u00e9 une aide&hellip; <br \/> <a class=\"read-more\" href=\"https:\/\/www.tact-transfusion.org\/index.php\/lassociation-tact\/historique-tact\/\">Lire la suite<\/a><\/p>\n","protected":false},"author":1,"featured_media":0,"parent":13,"menu_order":0,"comment_status":"closed","ping_status":"closed","template":"","meta":{"_monsterinsights_skip_tracking":false,"_monsterinsights_sitenote_active":false,"_monsterinsights_sitenote_note":"","_monsterinsights_sitenote_category":0,"footnotes":""},"categories":[],"tags":[],"class_list":["post-223","page","type-page","status-publish","hentry"],"_links":{"self":[{"href":"https:\/\/www.tact-transfusion.org\/index.php\/wp-json\/wp\/v2\/pages\/223","targetHints":{"allow":["GET"]}}],"collection":[{"href":"https:\/\/www.tact-transfusion.org\/index.php\/wp-json\/wp\/v2\/pages"}],"about":[{"href":"https:\/\/www.tact-transfusion.org\/index.php\/wp-json\/wp\/v2\/types\/page"}],"author":[{"embeddable":true,"href":"https:\/\/www.tact-transfusion.org\/index.php\/wp-json\/wp\/v2\/users\/1"}],"replies":[{"embeddable":true,"href":"https:\/\/www.tact-transfusion.org\/index.php\/wp-json\/wp\/v2\/comments?post=223"}],"version-history":[{"count":14,"href":"https:\/\/www.tact-transfusion.org\/index.php\/wp-json\/wp\/v2\/pages\/223\/revisions"}],"predecessor-version":[{"id":3296,"href":"https:\/\/www.tact-transfusion.org\/index.php\/wp-json\/wp\/v2\/pages\/223\/revisions\/3296"}],"up":[{"embeddable":true,"href":"https:\/\/www.tact-transfusion.org\/index.php\/wp-json\/wp\/v2\/pages\/13"}],"wp:attachment":[{"href":"https:\/\/www.tact-transfusion.org\/index.php\/wp-json\/wp\/v2\/media?parent=223"}],"wp:term":[{"taxonomy":"category","embeddable":true,"href":"https:\/\/www.tact-transfusion.org\/index.php\/wp-json\/wp\/v2\/categories?post=223"},{"taxonomy":"post_tag","embeddable":true,"href":"https:\/\/www.tact-transfusion.org\/index.php\/wp-json\/wp\/v2\/tags?post=223"}],"curies":[{"name":"wp","href":"https:\/\/api.w.org\/{rel}","templated":true}]}}